he prime factors of 4080263.
11, 59, 6287
List the prime factors of 4144112.
2, 7, 163, 227
List the prime factors of 6252642.
2, 3, 11, 23, 1373
List the prime factors of 204270.
2, 3, 5, 11, 619
List the prime factors of 13920677.
83, 367, 457
List the prime factors of 2276809.
2276809
What are the prime factors of 2160830?
2, 5, 7, 30869
What are the prime factors of 894164?
2, 31, 7211
What are the prime factors of 241223?
463, 521
List the prime factors of 240069.
3, 43, 1861
List the prime factors of 437160.
2, 3, 5, 3643
What are the prime factors of 11170722?
2, 3, 1861787
List the prime factors of 28115.
5, 5623
List the prime factors of 19905585.
3, 5, 7, 101, 1877
List the prime factors of 6980377.
157, 173, 257
What are the prime factors of 240668?
2, 60167
List the prime factors of 1376773.
1376773
List the prime factors of 5661624.
2, 3, 235901
What are the prime factors of 1428415?
5, 23, 12421
List the prime factors of 1876526.
2, 938263
What are the prime factors of 198186?
2, 3, 17, 29, 67
List the prime factors of 6958362.
2, 3, 349, 3323
What are the prime factors of 3883965?
3, 5, 73, 3547
What are the prime factors of 6012?
2, 3, 167
List the prime factors of 93880.
2, 5, 2347
List the prime factors of 524443.
367, 1429
What are the prime factors of 1160339?
733, 1583
List the prime factors of 5405828.
2, 23, 67, 877
List the prime factors of 1079945.
5, 43, 5023
What are the prime factors of 19006628?
2, 4751657
What are the prime factors of 2455831?
7, 50119
List the prime factors of 552464.
2, 11, 43, 73
What are the prime factors of 1161759?
3, 387253
What are the prime factors of 1118107?
17, 89, 739
List the prime factors of 846854.
2, 423427
What are the prime factors of 616980?
2, 3, 5, 7, 13, 113
List the prime factors of 1076727.
3, 358909
List the prime factors of 14282050.
2, 5, 285641
List the prime factors of 3587379.
3, 23, 51991
List the prime factors of 497504.
2, 7, 2221
What are the prime factors of 17667426?
2, 3, 7, 37, 11369
List the prime factors of 8467076.
2, 1439, 1471
List the prime factors of 428195.
5, 85639
List the prime factors of 6243045.
3, 5, 61, 6823
What are the prime factors of 348428?
2, 87107
What are the prime factors of 1352721?
3, 211, 2137
What are the prime factors of 32100?
2, 3, 5, 107
What are the prime factors of 22203412?
2, 7, 11, 72089
What are the prime factors of 46890?
2, 3, 5, 521
What are the prime factors of 363902?
2, 7, 11, 17, 139
List the prime factors of 1735436.
2, 433859
What are the prime factors of 4986362?
2, 1447, 1723
List the prime factors of 6329652.
2, 3, 7, 75353
What are the prime factors of 118072?
2, 14759
What are the prime factors of 644010?
2, 3, 5, 21467
List the prime factors of 544079.
43, 12653
List the prime factors of 2110110.
2, 3, 5, 37, 1901
What are the prime factors of 1902033?
3, 7, 19, 227
List the prime factors of 2085387.
3, 23, 30223
List the prime factors of 3921889.
37, 105997
List the prime factors of 2432486.
2, 7, 293, 593
What are the prime factors of 24711?
3, 8237
List the prime factors of 410255.
5, 82051
What are the prime factors of 602296?
2, 79, 953
List the prime factors of 374477.
29, 37, 349
List the prime factors of 248220.
2, 3, 5, 7, 197
List the prime factors of 981657.
3, 109073
List the prime factors of 261763.
19, 23, 599
List the prime factors of 987971.
987971
List the prime factors of 3439908.
2, 3, 3539
What are the prime factors of 24863525?
5, 97, 10253
List the prime factors of 292082.
2, 7, 31, 673
What are the prime factors of 4172612?
2, 131, 7963
What are the prime factors of 4699738?
2, 2349869
What are the prime factors of 4297813?
13, 269, 1229
List the prime factors of 546596.
2, 136649
List the prime factors of 2730187.
1453, 1879
List the prime factors of 158785.
5, 11, 2887
List the prime factors of 9517901.
9517901
List the prime factors of 2917327.
7, 416761
What are the prime factors of 196250?
2, 5, 157
What are the prime factors of 1265414?
2, 23, 27509
What are the prime factors of 4290778?
2, 2145389
List the prime factors of 189139.
189139
What are the prime factors of 15072628?
2, 157, 24001
What are the prime factors of 542218?
2, 271109
What are the prime factors of 7100455?
5, 1420091
List the prime factors of 555988.
2, 29, 4793
What are the prime factors of 9588092?
2, 839, 2857
List the prime factors of 206770.
2, 5, 23, 29, 31
List the prime factors of 12849.
3, 4283
What are the prime factors of 256964?
2, 227, 283
List the prime factors of 1508027.
83, 18169
List the prime factors of 93445.
5, 11, 1699
What are the prime factors of 4493824?
2, 67, 131
What are the prime factors of 232807?
19, 12253
List the prime factors of 7974347.
31, 61, 4217
List the prime factors of 1400728.
2, 7, 25013
List the prime factors of 1321639.
11, 137, 877
What are the prime factors of 2861328?
2, 3, 59611
List the prime factors of 2471123.
73, 33851
What are the prime factors of 1582011?
3, 19531
What are the prime factors of 1234181?
13, 139, 683
List the prime factors of 273003.
3, 17, 53, 101
What are the prime factors of 2300138?
2, 23, 31, 1613
What are the prime factors of 6182676?
2, 3, 19, 23, 131
What are the prime factors of 298968?
2, 3, 12457
What are the prime factors of 260609?
260609
What are the prime factors of 6720939?
3, 37, 20183
List the prime factors of 181856.
2, 5683
What are the prime factors of 114929?
281, 409
List the prime factors of 2528230.
2, 5, 252823
List the prime factors of 85422.
2, 3, 23, 619
List the prime factors of 2834815.
5, 566963
What are the prime factors of 263849?
263849
What are the prime factors of 108436?
2, 27109
What are the prime factors of 209078?
2, 107, 977
What are the prime factors of 230726?
2, 115363
List the prime factors of 1547780.
2, 5, 13, 5953
List the prime factors of 1508659.
1508659
List the prime factors of 2054308.
2, 31, 16567
What are the prime factors of 319553?
13, 47, 523
List the prime factors of 813452.
2, 203363
List the prime factors of 17489.
17489
List the prime factors of 1491120.
2, 3, 5, 19, 109
What are the prime factors of 1751615?
5, 61, 5743
List the prime factors of 1403036.
2, 19, 18461
What are the prime factors of 1479671?
1479671
List the prime factors of 544031.
544031
What are the prime factors of 3815220?
2, 3, 5, 63587
List the prime factors of 1966296.
2, 3, 81929
List the prime factors of 7955877.
3, 2651959
What are the prime factors of 376591?
359, 1049
What are the prime factors of 2599664?
2, 47, 3457
List the prime factors of 731820.
2, 3, 5, 12197
List the prime factors of 6762333.
3, 2254111
List the prime factors of 755383.
19, 83, 479
List the prime factors of 1636941.
3, 545647
List the prime factors of 4715868.
2, 3, 17, 23117
List the prime factors of 5126827.
19, 83, 3251
List the prime factors of 1357949.
19, 71471
What are the prime factors of 536614?
2, 13, 20639
List the prime factors of 25947745.
5, 373, 13913
List the prime factors of 107418.
2, 3, 17903
What are the prime factors of 4382361?
3, 486929
List the prime factors of 78558.
2, 3, 13093
What are the prime factors of 384162?
2, 3, 43, 1489
What are the prime factors of 399125?
5, 31, 103
What are the prime factors of 84035?
5, 7
What are the prime factors of 165334?
2, 13, 6359
List the prime factors of 835200.
2, 3, 5, 29
List the prime factors of 5872742.
2, 59, 157, 317
What are the prime factors of 1939378?
2, 7, 83, 1669
List the prime factors of 3810625.
5, 7, 13, 67
List the prime factors of 394367.
394367
List the prime factors of 10274311.
379, 27109
What are the prime factors of 30757652?
2, 661, 11633
What are the prime factors of 1568101?
113, 13877
What are the prime factors of 250943?
7, 11, 3259
List the prime factors of 3662489.
41, 89329
List the prime factors of 2456824.
2, 307103
What are the prime factors of 151459?
7, 11, 281
List the prime factors of 41614.
2, 20807
What are the prime factors of 13946880?
2, 3, 5, 227
What are the prime factors of 17410?
2, 5, 1741
List the prime factors of 25039042.
2, 7, 23, 77761
List the prime factors of 1653607.
17, 211, 461
What are the prime factors of 17237908?
2, 47, 91691
What are the prime factors of 169924?
2, 23, 1847
List the prime fact